4, what is -1 - -6662a4?
6662a3
In base 16, what is -6a5bb + 32?
-6a589
In base 12, what is -190417 - -467?
-18bb70
In base 14, what is -311cc18 - -7?
-311cc11
In base 13, what is 36827 + -22?
36805
In base 9, what is 2126 - -10505?
12632
In base 11, what is 3614178 - -26?
36141a3
In base 2, what is 1001 - -100001011000101000101?
100001011000101001110
In base 9, what is 670 - 1244?
-464
In base 15, what is -73de7169 - 3?
-73de716c
In base 14, what is 3c1d5c5 + -a?
3c1d5b9
In base 5, what is 110 + 113242?
113402
In base 13, what is -197 - -5770?
55a6
In base 6, what is -324400330 - 4?
-324400334
In base 14, what is 34c1999 + -3?
34c1996
In base 15, what is c - 889b19?
-889b0c
In base 9, what is 4777 - 266858?
-262071
In base 3, what is -10222011002 - -1202?
-10222002100
In base 15, what is -39c + 579d?
5401
In base 12, what is 160b + -38149?
-3673a
In base 7, what is 54435 + -252?
54153
In base 11, what is 7904 - 7010?
8a4
In base 8, what is -164736424 + 4?
-164736420
In base 16, what is -5 - -45bd500?
45bd4fb
In base 15, what is -96c6a - -8?
-96c62
In base 7, what is -5330135614 + -4?
-5330135621
In base 2, what is -11011 - 110110100101101000011?
-110110100101101011110
In base 12, what is -26833 + -2453?
-29086
In base 14, what is 35563 + -19?
35548
In base 5, what is 110242 + -4304110?
-4143313
In base 12, what is -2164b5 + 48?
-216469
In base 3, what is 21 - 112011001222000201?
-112011001222000110
In base 14, what is -73a46 + -1270?
-74cb6
In base 9, what is 3 - -44173563?
44173566
In base 15, what is -1 - 207e3e5?
-207e3e6
In base 8, what is 1 + -10313417?
-10313416
In base 11, what is -8 + 100209?
100201
In base 14, what is b - -36c7a49?
36c7a56
In base 7, what is 2 + 2223421011?
2223421013
In base 6, what is 104500052 + 45?
104500141
In base 14, what is 29d274b - -2?
29d274d
In base 15, what is -2253 - 41e?
-2672
In base 5, what is -24341103233 - -10?
-24341103223
In base 16, what is 2bb5 + -2b6?
28ff
In base 5, what is -12 - 3333443312?
-3333443324
In base 12, what is -990091 - -1?
-990090
In base 4, what is -3 + 13320231203?
13320231200
In base 14, what is -dba369 - 1?
-dba36a
In base 5, what is 24221400 + -423?
24220422
In base 5, what is 33302 - -2212321?
2301123
In base 8, what is -2140162200 - 5?
-2140162205
In base 9, what is 85 + 12737?
12833
In base 8, what is 341224 - 7?
341215
In base 4, what is -22323 - -2133032132?
2133003203
In base 4, what is -11220 - 210330?
-222210
In base 10, what is 4 - 35942838?
-35942834
In base 2, what is -100011001110000011100 + -11000?
-100011001110000110100
In base 10, what is 3 - 5714891?
-5714888
In base 9, what is -3418 + -21833?
-25352
In base 13, what is -1c - -6b7685?
6b7666
In base 5, what is 1121 - 20110134?
-20104013
In base 11, what is 4449 + -3016?
1433
In base 15, what is 3 - -623a86?
623a89
In base 2, what is 1010 - 110100110110101000100?
-110100110110100111010
In base 6, what is -113554131 + -5?
-113554140
In base 9, what is -5213 + 83637?
77424
In base 4, what is -10 - 13110211023231?
-13110211023301
In base 6, what is 204444 + 25454?
234342
In base 11, what is -39314 + a99?
-38326
In base 13, what is 122 + -250b1?
-24c8c
In base 16, what is 2 - 1f40e?
-1f40c
In base 5, what is -200 - 22020122?
-22020322
In base 11, what is -7a - -29a2a?
29960
In base 14, what is 10c + -96dcc?
-96cc0
In base 13, what is 104 + 7bc?
8c3
In base 5, what is 302343012 + 312?
302343324
In base 4, what is -3 - 132000001?
-132000010
In base 11, what is -58171a + -253?
-581972
In base 14, what is 3 - 119476?
-119473
In base 9, what is 541714 + -180?
541524
In base 9, what is 3302886 - -175?
3303172
In base 4, what is 223 - 13313120103?
-13313113220
In base 16, what is 1f83651 - 9?
1f83648
In base 6, what is -423511213 - -5?
-423511204
In base 3, what is -11 + -101102002102?
-101102002120
In base 2, what is -1111011011 + 1011011010110?
1001011111011
In base 6, what is 123450342 + 0?
123450342
In base 6, what is 234541 + 25?
235010
In base 3, what is 10 - 20120202021202011?
-20120202021202001
In base 7, what is 3 + 22241342?
22241345
In base 12, what is -381 + 78171?
779b0
In base 2, what is -10 + -11100101110101000100000110?
-11100101110101000100001000
In base 12, what is 958 - 3a4a4?
-39748
In base 3, what is -21122021212222200 + 1?
-21122021212222122
In base 16, what is -13 - 12c6db3?
-12c6dc6
In base 7, what is 365242635 + 4?
365242642
In base 14, what is 5340c61 + 2?
5340c63
In base 9, what is -3 + -34888148?
-34888152
In base 14, what is -13aa - -172c?
362
In base 8, what is 1106343 + 16?
1106361
In base 8, what is 76745 - 13631?
63114
In base 2, what is -110010011010011100100 - -1010111?
-110010011010010001101
In base 8, what is 266741 + 307?
267250
In base 5, what is -40 + -2400230?
-2400320
In base 2, what is 101 - 10100101010010011010111011?
-10100101010010011010110110
In base 13, what is 60c80 - 2165?
5bb18
In base 14, what is 29 + -b62100?
-b620b5
In base 2, what is -1 - 110101011000100110111?
-110101011000100111000
In base 12, what is 3ab88853 + 1?
3ab88854
In base 4, what is -12002021 + 231?
-12001130
In base 7, what is -4266 - 22020?
-26316
In base 8, what is 4042465 + 76?
4042563
In base 8, what is 35 + 40651543?
40651600
In base 8, what is -1 - 24007554?
-24007555
In base 6, what is -32021 - 3333?
-35354
In base 15, what is 7c + -7576?
-74e9
In base 3, what is 12202001202 - 2112?
12201222020
In base 6, what is -1 + 2030314351?
2030314350
In base 9, what is 62 - 3733465?
-3733403
In base 15, what is -3 - 1163a4b?
-1163a4e
In base 3, what is 2011112 - -1121021012110?
1121100100222
In base 12, what is -85b72 + 98?
-85a96
In base 10, what is -55 + -1164340?
-1164395
In base 2, what is 1100000 - 11000010101010101000?
-11000010101001001000
In base 7, what is 5 - 153232320?
-153232312
In base 4, what is -2 - -113321233213?
113321233211
In base 7, what is -5641 - -1131642?
1123001
In base 13, what is b3c3 - -2ab1b?
39211
In base 7, what is -22 + 200643300?
200643245
In base 10, what is -7269170 - -13?
-7269157
In base 7, what is 66265 - 11210?
55055
In base 8, what is -7160125 + -2?
-7160127
In base 8, what is 71751723 + 46?
71751771
In base 15, what is 1b746 - 1e?
1b727
In base 7, what is -425 + -205065?
-205523
In base 8, what is -766026247 + 5?
-766026242
In base 5, what is -4 - -1041431210?
1041431201
In base 4, what is -1 - 312303332312?
-312303332313
In base 9, what is -2801426 + 0?
-2801426
In base 6, what is 2130123344 - -2?
2130123350
In base 2, what is -11011111010111111110010011 - -11?
-11011111010111111110010000
In base 3, what is -22 - -11020202002202100?
11020202002202001
In base 6, what is -45030 + -4031?
-53101
In base 14, what is d5a4a - -2c?
d5a78
In base 8, what is -33676067 + 33?
-33676034
In base 13, what is -265c97 + -24?
-265cbb
In base 8, what is -101 + -2632560?
-2632661
In base 3, what is -2201200222 - -220200202?
-1211000020
In base 5, what is 31412 + -1440311?
-1403344
In base 3, what is -2121 + -102020110010?
-102020112201
In base 13, what is -1 + 1ac12c?
1ac12b
In base 10, what is -14431980 - 0?
-14431980
In base 11, what is -163 - 1116929?
-1116a91
In base 10, what is -19683057 - -12?
-19683045
In base 12, what is 4435957 + 3?
443595a
In base 9, what is -53735 - -10162?
-43563
In base 7, what is 1 + -155551351?
-155551350
In base 6, what is 33 + 354041532?
354042005
In base 14, what is 34c - 2186a?
-2151c
In base 9, what is 44884001 - -1?
44884002
In base 14, what is 214 + 86cc?
8902
In base 8, what is 3 - -4463237?
4463242
In base 2, what is 11000110001000110 - 1110011101?
11000100010101001
In base 9, what is 3814 - -116236?
121151
In base 9, what is -230 - -185114?
184774
In base 2, what is 1010100110000110 + 111100100?
1010101101101010
In base 3, what is -111211002022222120 - 11?
-111211002022222201
In base 10, what is -11 + -21361277?
-21361288
In base 15, what is 16 + cc9c24?
cc9c3a
In base 7, what is 5 - -4534042?
4534050
In base 11, what is 596a489a - 1?
596a4899
In base 2, what is -110 - 11000101000101111000100?
-11000101000101111001010
In base 3, what is -20 + -2201121110012?
-2201121110102
In base 14, what is 1dd - 27c499?
-27c29a
In base 8, what is 221322110 + 3?
221322113
In base 4, what is -110012200 + 32033?
-103320101
In base 16, what is -347 - -158c3